 + m + 768 = -x. What is the units digit of q?
0
Let d(f) = -3*f**3 - 4*f**2 - f + 2. Let p be d(-2). Let o be 1 + 3*(-4)/p. Suppose 5*n - 28 = -x, o = -2*x - 0*n + 2*n + 80. What is the tens digit of x?
3
Suppose -3*j = -3803 + 515. What is the tens digit of j?
9
Suppose 4*f - 3*d - 4331 = 0, 0 = d - 8 + 13. What is the hundreds digit of f?
0
Let q = 3041 + -1054. What is the thousands digit of q?
1
Let d(c) = -c**2 - c - 1. Let t(x) = 5*x**2 + 47*x + 25. Let l(a) = 2*d(a) + t(a). What is the tens digit of l(-18)?
8
Let s = 79 + -115. Let u be (-6)/8 - (-1521)/s. What is the units digit of u/(-2)*(-4)/(-2)?
3
Suppose 5*n = -f + 1021, 0 = 4*n - 3*n - 3*f - 201. What is the tens digit of n?
0
Suppose -u + 3 = -3. Suppose u*c - 3*c = 0. What is the tens digit of -1 + 15 - (c - 0)?
1
Let f(m) = 2*m + 10. Let k be f(-7). What is the tens digit of 4/(-2 - k)*31?
6
Let r be ((-18)/12)/(3/(-4)). Suppose -r*w + 5*k + 45 = 0, -k + 2*k + 5 = 0. Suppose -14 - w = -3*m. What is the units digit of m?
8
What is the hundreds digit of 8 + (-6 + 12 - -2197)?
2
Let w be (-2)/(-4) - (-33)/(-2). Let k(z) = -z - 28. Let q be k(-2). Let x = w - q. What is the units digit of x?
0
Let j = 1474 + -1007. What is the hundreds digit of j?
4
Let q(y) = -y**3 - 11*y**2 - 29*y - 2. Let j be q(-7). What is the tens digit of j*(-18)/(-30)*12?
3
Suppose k - 4*q = -15, -k + 0*q + q = 3. Suppose -4*t - k = -9. Suppose -t*n + 42 = n - 2*y, -4*n = -2*y - 58. What is the units digit of n?
6
Suppose 10*y - 11*y = -1300. What is the thousands digit of y?
1
Let c be -4*(-68)/16 - -2. Let f = -14 + c. What is the units digit of f?
5
Let y(w) = -1453*w + 448. What is the hundreds digit of y(-4)?
2
Let r be 1 + -5 + 3 + 4. Let c(i) = 3*i + 13*i - 3*i - 7. What is the units digit of c(r)?
2
Suppose 0 = v + 5*v - 330. Let y = v - 31. What is the tens digit of y?
2
Let b(p) = p**2 + 8*p + 10. Let c be b(-7). Suppose -l + 324 = -c*k + 6*k, 2*l - 646 = -5*k. What is the hundreds digit of l?
3
Suppose 11*d + m = 6*d + 6200, d - 1251 = 2*m. What is the units digit of d?
1
Suppose -32 = 3*l - 3*p + p, 4 = -l + 2*p. Let m be 3 + (-3 - 0) + l. Let s = m - -49. What is the tens digit of s?
3
Suppose -5*x = -2*g - 2*g + 15438, -7704 = -2*g - 5*x. What is the thousands digit of g?
3
Let k = -24 - -27. Suppose 2*d = 3*b + 49, b + 66 = k*d - 2*b. What is the tens digit of d?
1
Let w = -5 - -2. Let x(z) be the second derivative of z**4/2 + 2*z**3/3 + 9*z. What is the units digit of x(w)?
2
Let o = 53 + -33. Suppose 5 = x - o. What is the units digit of x?
5
Let p(a) = 504*a - 27. What is the units digit of p(5)?
3
Suppose 0 = -8*o - 1227 + 14819. Suppose 20*d - o = 601. What is the hundreds digit of d?
1
Let f(p) be the first derivative of p**4/4 - 4*p**3/3 + 2*p**2 - p - 6. Let c be f(3). Suppose k + c*k = 129. What is the tens digit of k?
4
Let p be 4/(-28) - (-22)/7. What is the units digit of (-5 + p)*158/(-4)?
9
Let b(d) = -d**3 + 2*d**3 + 7*d**2 - d**2 + 7. What is the tens digit of b(-5)?
3
Suppose -54*o + 258376 = -26852. What is the thousands digit of o?
5
Let k(t) = -20*t**3 - 2*t**2 + 2*t + 4. Let x be k(-2). Let z = -93 + x. What is the tens digit of z?
5
Suppose 3*p - 3*j + 18 = -6, 2*p = 4*j - 12. Let w = 12 + p. Suppose 0 = -m - w*m + 135. What is the tens digit of m?
4
Let i(m) = m**2 - 4*m - 24. Let s be i(7). Let f(a) = -22*a - 1. What is the tens digit of f(s)?
6
Let b = 4523 + -2008. What is the tens digit of b?
1
Let m = -91 - -93. Suppose m*n - 5*n = -84. What is the units digit of n?
8
Let r(t) = -t**3 - 6*t**2 + 2*t - 31. What is the tens digit of r(-8)?
8
What is the tens digit of (-18)/6 + 0 + 2*562?
2
Suppose -3*h - 2*h - 4*n + 4 = 0, h - 5*n = -5. Let w be (0 + -3 - -3)/(-2). Suppose h = j - w*j - 10. What is the tens digit of j?
1
Suppose 5*r - 5314 = a + 8157, 2*r - 5386 = a. What is the units digit of r?
5
Let c = 21 + -16. Suppose -10 = -c*y, -8 = -5*n + y - 0*y. Suppose -72 = -n*a - 2*z - 20, 20 = a - 5*z. What is the tens digit of a?
2
Suppose 13843 = 17*g - 9940. What is the hundreds digit of g?
3
Let w(u) = -359*u**3 + u**2 - 3*u - 4. What is the hundreds digit of w(-1)?
3
Let q(z) = -200*z + 1299. What is the hundreds digit of q(-20)?
2
Let f = -84 + 1528. What is the hundreds digit of f?
4
What is the hundreds digit of (-6 + (12 - 400))/(-1 + 0)?
3
Let s(y) = -11*y**3 + 6*y**2 + 8*y - 9. Let k be s(-5). Suppose -6*r - k = -12*r. What is the units digit of r?
6
Let w(q) = q**3 + 4*q**2 - 2*q - 3. Let p be w(-4). Suppose 0 = -5*x - 2*v + 6*v + 31, 5*v = -5*x - p. What is the tens digit of x + -4*(-9 - -1)?
3
Let v(d) = -d**3 + 2*d - 1. Let u be 4/4*-1 + 2. Let h be v(u). Suppose -5*l + 0*l + 30 = h. What is the units digit of l?
6
What is the hundreds digit of 1866*(28/30 - (-6)/(-10))?
6
Let y(q) = -23*q**2 - 27*q + 8. Let u(d) = 8*d**2 + 9*d - 3. Let k(n) = -17*u(n) - 6*y(n). What is the units digit of k(-7)?
8
Suppose 3*p = 3*a - 1764, -4*a - 5*p = -4*p - 2332. Suppose -4*g + a = -0*g. What is the hundreds digit of g?
1
Let i(q) = 74*q**2 - 28*q + 3. Let y be i(-7). What is the units digit of y/65 + (-4)/(-26)?
9
Suppose 65*b - 41145 - 95875 = 0. What is the units digit of b?
8
Let g(w) = w**2 + 5*w. Let r be g(-5). Suppose -3*x + 1 + 5 = r. What is the units digit of (-1)/2*(-70 + x)?
4
Suppose 3*a = 10*a. Suppose -2 = -w - 4*u + 22, 4*u + 16 = a. What is the units digit of w?
0
Suppose 7430 = 5*l - 5*b, 0*b - 4*b = -3*l + 4460. What is the thousands digit of l?
1
Suppose -92 = 11*r - 8342. What is the tens digit of r?
5
Suppose 10 = -4*u + 4*i - 6, -3*u = -i + 4. Suppose -2*q - 2*l = -228, u*q + 4*l + 104 = q. What is the tens digit of q?
1
Let g be -1*5*((-456)/(-30))/(-4). Suppose 14*f - g*f + 525 = 0. What is the tens digit of f?
0
Let m(v) = -v**2 + 10*v + 6. Let k be m(5). Let u = 9 + k. What is the tens digit of u?
4
What is the units digit of (-70)/(-20)*-1*1252/(-7)?
6
Suppose 5*s - 53 - 11 = -2*n, -s = 5*n + 1. Let f(c) = -c**3 + 13*c**2 + 16*c + 8. What is the units digit of f(s)?
6
Suppose 2*r - 26 - 4 = 2*o, -2*o - 45 = -3*r. Suppose -2*p = -3*g - 4*p + 235, -r = -3*p. What is the units digit of g?
5
Let y = 411 + -713. Let p = 443 + y. What is the tens digit of p?
4
Suppose 18936 = 27*o + 9*o. What is the hundreds digit of o?
5
Suppose -18 = -4*j - 6. Suppose -31 - 20 = -j*g. What is the units digit of g?
7
Let j be (0 - 3)*8/(-24). What is the units digit of (6 + -7)/(j/(-99))?
9
Let t = 177 - 156. Suppose t*h = 12*h + 396. What is the units digit of h?
4
Let k = -9 + 9. Suppose k = -4*g + 3*g - 11. Let a = g - -12. What is the units digit of a?
1
Let s(c) = 15*c**2 + 50*c - 19. What is the tens digit of s(8)?
4
Suppose -19*l + 30452 + 6807 = 0. What is the thousands digit of l?
1
Let c = 2410 + -1407. What is the units digit of c?
3
Suppose 0 = 4*j - 6*j - 38. Let i = j - -21. What is the tens digit of i/(2 - (-135)/(-69))?
4
Let o = 110 + -222. Let d be 5/(-3 - o/37). Suppose -2*j - 3*j = -d. What is the tens digit of j?
3
Let z(t) = t**2 - 6*t - 18. Let y be z(10). Suppose -8*g + 558 = y. What is the tens digit of g?
6
Suppose -27 = -4*l - 11. Suppose -5 - 19 = -2*m - 2*w, w + 53 = l*m. What is the tens digit of m?
1
Let l(u) = -u**3 - 11*u**2 - 6*u - 2. Let m(d) = d**3 - 5*d**2 - 2*d - 1. Suppose -4 + 29 = 5*h. Let z be m(h). What is the units digit of l(z)?
4
Let g be -2 + (1 + 8 - 2). Suppose 6*j - 30 = -12. Let s = g + j. What is the units digit of s?
8
Suppose 0 = -4*u + 95 - 79. Suppose 0 = 2*g + u*o + 3 - 55, -4*g + o = -131. What is the tens digit of g?
3
Let q be (-2)/((-10)/965) - -2. Let l = q + -111. What is the units digit of l?
4
Let k be ((-8)/(-6))/(28/21). What is the units digit of 85/15*(2 + k)?
7
Let q(f) = -2*f + 16. Let d be q(8). Suppose d = -3*c + 3, i + c - 45 = 27. What is the tens digit of i?
7
Let k(u) = 95*u**2 + 13*u - 197. What is the units digit of k(7)?
9
Suppose 0 = -3*b - 3, 4*b = -4*c + 13 + 55. Let y be c/5 + 10/25. Suppose -4*m + 106 = 4*w + m, -4*m = y*w - 108. What is the units digit of w?
9
Let s = 8 - 6. Let f(r) = 17*r - 2. Let l be f(s). Suppose -4*z = -48 - l. What is the units digit of z?
0
Suppose 123*l - 115*l - 2224 = 0. What is the units digit of l?
8
Let j(l) = l**2 + 8*l + 11. Let t be j(11